106981 and 36363?
527
Calculate the greatest common divisor of 136 and 18598.
34
What is the greatest common factor of 34 and 97376?
34
What is the greatest common factor of 682524 and 18?
18
Calculate the highest common factor of 12 and 19701.
3
Calculate the greatest common factor of 329 and 950857.
47
What is the greatest common factor of 87 and 236959?
29
What is the highest common factor of 2494 and 31648?
86
What is the greatest common factor of 1317882 and 24?
6
What is the greatest common divisor of 96 and 892824?
24
Calculate the highest common divisor of 352 and 367664.
176
Calculate the greatest common divisor of 14502 and 6.
6
What is the highest common divisor of 197 and 91211?
197
Calculate the highest common factor of 4158 and 770.
154
Calculate the greatest common factor of 73297 and 518.
259
What is the highest common factor of 9 and 148725?
9
Calculate the greatest common factor of 3798 and 169222.
422
Calculate the greatest common factor of 135 and 14475.
15
What is the highest common factor of 22230 and 1300?
130
Calculate the highest common divisor of 46998 and 504.
126
What is the highest common divisor of 151 and 5530979?
151
What is the greatest common factor of 4848 and 16564?
404
What is the greatest common divisor of 68 and 2839?
17
Calculate the highest common divisor of 682 and 547398.
62
Calculate the highest common factor of 39088 and 1008.
112
Calculate the highest common divisor of 26765 and 1325.
265
What is the highest common factor of 450 and 2718?
18
What is the highest common factor of 273 and 1460823?
273
What is the greatest common factor of 12 and 594255?
3
What is the greatest common factor of 525 and 9475?
25
Calculate the greatest common factor of 28991 and 4923.
547
Calculate the highest common factor of 343016 and 1166.
106
What is the greatest common divisor of 4728 and 171784?
1576
Calculate the greatest common factor of 17 and 129829.
17
Calculate the highest common divisor of 3426280 and 44.
44
Calculate the highest common divisor of 66333 and 21.
3
What is the highest common factor of 56 and 1008088?
8
Calculate the greatest common divisor of 606 and 318.
6
Calculate the highest common factor of 410 and 966370.
410
What is the greatest common factor of 6811 and 1529?
139
Calculate the highest common factor of 80 and 6838.
2
What is the highest common factor of 2275 and 53053?
91
Calculate the highest common divisor of 348 and 246732.
348
Calculate the highest common factor of 7356 and 1884.
12
Calculate the greatest common factor of 77 and 18711.
77
What is the greatest common factor of 135235 and 170?
85
What is the greatest common divisor of 104278 and 238?
34
Calculate the highest common factor of 330 and 60015.
15
What is the highest common divisor of 765 and 190315?
85
Calculate the greatest common factor of 258795 and 426.
213
Calculate the highest common divisor of 1582231 and 574.
287
What is the highest common factor of 41266 and 3572?
94
Calculate the greatest common divisor of 153 and 27948.
51
What is the greatest common factor of 7791 and 2205?
147
Calculate the greatest common factor of 144 and 5148.
36
Calculate the highest common divisor of 1477863 and 217.
31
Calculate the highest common factor of 369 and 324.
9
What is the highest common factor of 65240 and 840?
280
What is the highest common factor of 264 and 26532?
132
Calculate the greatest common factor of 595 and 55097.
119
What is the highest common factor of 7744 and 363?
121
Calculate the highest common factor of 729455 and 37.
37
What is the greatest common divisor of 8658 and 1221?
111
Calculate the highest common factor of 40 and 22750.
10
What is the highest common divisor of 384 and 28296?
24
Calculate the highest common divisor of 276682 and 14.
14
What is the highest common factor of 3855 and 2168823?
771
What is the greatest common divisor of 410 and 19762?
82
What is the greatest common factor of 610 and 91317?
61
What is the greatest common divisor of 895 and 1692087?
179
What is the greatest common divisor of 149 and 54?
1
Calculate the highest common divisor of 509929 and 751.
751
What is the greatest common divisor of 276 and 452180?
92
What is the highest common factor of 102152 and 64?
8
Calculate the greatest common divisor of 36790 and 50.
10
Calculate the highest common divisor of 299314 and 21968.
2746
Calculate the highest common divisor of 20 and 62470.
10
What is the greatest common factor of 1686 and 1646?
2
Calculate the highest common factor of 36623 and 29713.
691
What is the highest common factor of 152 and 3340276?
76
What is the highest common factor of 75278 and 114?
38
Calculate the highest common factor of 1722 and 13881.
21
Calculate the highest common divisor of 4428 and 2084481.
1107
Calculate the greatest common factor of 55 and 7040.
55
What is the highest common divisor of 450 and 614970?
90
Calculate the highest common divisor of 2752 and 32704.
64
What is the highest common factor of 636010 and 20?
10
Calculate the greatest common factor of 6950 and 2050.
50
What is the highest common divisor of 15 and 5290?
5
What is the greatest common factor of 145564 and 35636?
604
Calculate the highest common factor of 1778517 and 117.
117
Calculate the highest common divisor of 3952 and 5776.
304
What is the highest common factor of 541981 and 33?
11
What is the greatest common factor of 594 and 173772?
54
Calculate the highest common factor of 139 and 279529.
139
Calculate the highest common divisor of 36085 and 455.
35
Calculate the greatest common divisor of 3713 and 96491.
47
What is the highest common factor of 32239 and 7004?
103
Calculate the greatest common divisor of 1835733 and 603.
201
Calculate the greatest common divisor of 1298 and 1475.
59
What is the greatest common divisor of 172 and 41882?
86
Calculate the greatest common factor of 130 and 161486.
26
What is the greatest common divisor of 21 and 2202?
3
What is the greatest common divisor of 31960 and 244?
4
Calculate the highest common factor of 2100 and 6420.
60
Calculate the greatest common divisor of 192 and 487992.
24
Calculate the greatest common factor of 288 and 339276.
12
What is the greatest common divisor of 9009 and 198?
99
Calculate the highest common divisor of 4313 and 908.
227
What is the highest common divisor of 481954 and 352?
22
What is the greatest common divisor of 66 and 148929?
33
Calculate the highest common divisor of 10164 and 21483.
231
Calculate the highest common factor of 6021 and 2901453.
669
Calculate the greatest common divisor of 10735 and 665.
95
What is the highest common factor of 15 and 2901?
3
What is the highest common divisor of 589 and 521531?
19
What is the highest common factor of 966 and 1914612?
966
Calculate the highest common factor of 2520 and 104220.
180
What is the greatest common factor of 7272 and 1116?
36
Calculate the highest common factor of 646 and 8189.
19
What is the highest common divisor of 230148 and 27?
27
What is the greatest common factor of 17904 and 574420?
1492
What is the highest common divisor of 12996 and 2204?
76
Calculate the greatest common divisor of 232954 and 3766.
538
What is the highest common divisor of 4141657 and 13?
13
What is the greatest common divisor of 418 and 8739335?
209
What is the highest common factor of 159 and 81408?
159
Calculate the highest common factor of 12 and 1518.
6
Calculate the greatest common divisor of 65639 and 7.
7
What is the greatest common factor of 2327 and 14040?
13
Calculate the greatest common factor of 26 and 335842.
26
Calculate the greatest common factor of 112385 and 490.
35
Calculate the greatest common divisor of 9951 and 214.
107
Calculate the greatest common factor of 54108 and 24624.
324
What is the greatest common divisor of 26982 and 666?
18
What is the greatest common divisor of 63897 and 1083?
1083
What is the highest common divisor of 234333 and 526?
263
Calculate the greatest common factor of 116 and 306994.
58
What is the greatest common factor of 90 and 1134090?
90
What is the greatest common factor of 276 and 1196?
92
Calculate the greatest common factor of 46683 and 6279.
273
Calculate the greatest common divisor of 962350 and 2375.
475
What is the greatest common divisor of 733276 a